{"id":172256,"date":"2026-01-22T14:11:48","date_gmt":"2026-01-22T13:11:48","guid":{"rendered":"https:\/\/www.luxlimo.es\/politica-de-privacidad\/"},"modified":"2026-02-24T12:55:25","modified_gmt":"2026-02-24T11:55:25","slug":"privacy-policy","status":"publish","type":"page","link":"https:\/\/www.luxlimo.es\/en\/privacy-policy\/","title":{"rendered":"Privacy Policy"},"content":{"rendered":"<div class=\"wpb-content-wrapper\"><p>[vc_row][vc_column width=&#8221;1\/1&#8243;][vc_custom_heading auto_text=&#8221;yes&#8221; heading_semantic=&#8221;h1&#8243; uncode_shortcode_id=&#8221;162968&#8243;]This is a custom heading element.[\/vc_custom_heading][vc_column_text uncode_shortcode_id=&#8221;760671&#8243;]En Luxlimo nos preocupamos por la privacidad y la transparencia.<\/p>\n<p>&nbsp;<\/p>\n<p>A continuaci\u00f3n, le indicamos en detalle los tratamientos de datos personales que realizamos, as\u00ed como toda la informaci\u00f3n relativa a los mismos.<\/p>\n<p>&nbsp;<\/p>\n<p><strong>\u00bfQui\u00e9n es el responsable del tratamiento de sus datos?<\/strong><\/p>\n<p>Entidad: GEILY SPAIN, S.L.U. \u2013 NIF: B66430067<\/p>\n<p>Direcci\u00f3n postal: C. del Acero, 32 Planta 2 B12 Barcelona (08038), Barcelona, Espa\u00f1a<\/p>\n<p>Tel\u00e9fono:\u00a0<a class=\"privacy-cookies-link\" href=\"tel:+34685250101\" target=\"_blank\" rel=\"noopener\">+34 685 25 01 01<\/a><\/p>\n<p>Correo electr\u00f3nico:\u00a0<a class=\"privacy-cookies-link\" href=\"mailto:info@luxlimo.es\" target=\"_blank\" rel=\"noopener\">info@luxlimo.es<\/a><\/p>\n<p><strong>\u00bfCu\u00e1les son sus derechos cuando nos facilita sus datos?<\/strong><\/p>\n<p>Cualquier persona tiene derecho a obtener confirmaci\u00f3n sobre si en Luxlimo estamos tratando, o no, datos personales que les conciernan.<\/p>\n<p>Las personas interesadas tienen derecho a acceder a sus datos personales, as\u00ed como a solicitar la rectificaci\u00f3n de los datos inexactos o, en su caso, solicitar su supresi\u00f3n cuando, entre otros motivos, los datos ya no sean necesarios para los fines que fueron recogidos. Igualmente tiene derecho a la portabilidad de sus datos.<\/p>\n<p>En determinadas circunstancias, los interesados podr\u00e1n solicitar la limitaci\u00f3n del tratamiento de sus datos, en cuyo caso \u00fanicamente los conservaremos para el ejercicio o la defensa de reclamaciones.<\/p>\n<p>En determinadas circunstancias y por motivos relacionados con su situaci\u00f3n particular, los interesados podr\u00e1n oponerse al tratamiento de sus datos. En este caso, Luxlimo dejar\u00e1 de tratar los datos, salvo por motivos leg\u00edtimos imperiosos, o el ejercicio o la defensa de posibles reclamaciones.<\/p>\n<p>Podr\u00e1 ejercitar materialmente sus derechos de la siguiente forma: dirigi\u00e9ndose al responsable del tratamiento.<\/p>\n<p>Cuando se realice el env\u00edo de comunicaciones comerciales utilizando como base jur\u00eddica el inter\u00e9s leg\u00edtimo del responsable, el interesado podr\u00e1 oponerse al tratamiento de sus datos con ese fin.<\/p>\n<p>Si ha otorgado su consentimiento para alguna finalidad concreta, tiene derecho a retirar el consentimiento otorgado en cualquier momento, sin que ello afecte a la licitud del tratamiento basado en el consentimiento previo a su retirada.<\/p>\n<p>Los datos de car\u00e1cter personal que solicitamos son imprescindibles para atender su solicitud, resolver cuestiones planteadas y prestar los servicios contratados. En caso de no facilitar toda la informaci\u00f3n necesaria, no podremos atender su solicitud, ni enviar la informaci\u00f3n solicitada ni prestar los servicios sobre los que el titular de los datos est\u00e9 interesado.<\/p>\n<p>En caso de que sienta vulnerados sus derechos en lo concerniente a la protecci\u00f3n de sus datos personales, especialmente cuando no haya obtenido satisfacci\u00f3n en el ejercicio de sus derechos, puede presentar una reclamaci\u00f3n ante la Autoridad de Control en materia de Protecci\u00f3n de Datos competente a trav\u00e9s de su sitio web: www.agpd.es.<\/p>\n<p>&nbsp;<\/p>\n<h3><strong>1. Tratamiento de los datos personales de potenciales clientes y contactos v\u00eda web<\/strong><\/h3>\n<p><strong>\u00bfCon qu\u00e9 finalidad tratamos sus datos personales?<\/strong><\/p>\n<p>En Luxlimo tratamos la informaci\u00f3n que nos facilitan las personas interesadas con el fin de atender su solicitud y enviarle comunicaciones comerciales, as\u00ed como nuestros boletines. En el caso de que no facilite sus datos personales, no podremos cumplir con las funcionalidades descritas anteriormente.<\/p>\n<p>No se van a tomar decisiones automatizadas en base a los datos proporcionados.<\/p>\n<p><strong>\u00bfPor cu\u00e1nto tiempo conservaremos sus datos?<\/strong><\/p>\n<p>Los datos se conservar\u00e1n mientras el interesado no solicite su supresi\u00f3n.<\/p>\n<p><strong>\u00bfCu\u00e1l es la legitimaci\u00f3n para el tratamiento de sus datos?<\/strong><\/p>\n<p>Le indicamos la base legal para el tratamiento de sus datos:<\/p>\n<ul class=\"privacy-cookies-list\">\n<li>Ejecuci\u00f3n de un contrato: Atender su solicitud.<\/li>\n<li>Consentimiento del interesado: Enviarle comunicaciones comerciales, as\u00ed como nuestros boletines.<\/li>\n<\/ul>\n<p><strong>\u00bfA qu\u00e9 destinatarios se comunicar\u00e1n sus datos?<\/strong><\/p>\n<p>No se ceder\u00e1n datos a terceros, salvo obligaci\u00f3n legal.<\/p>\n<p><strong>Transferencias de datos a terceros pa\u00edses.<\/strong><\/p>\n<p>No est\u00e1n previstas transferencias de datos a terceros pa\u00edses.<\/p>\n<p>&nbsp;<\/p>\n<h3><strong>2. Tratamiento de los datos personales de los contactos de correo electr\u00f3nico<\/strong><\/h3>\n<p><strong>\u00bfCon qu\u00e9 finalidad tratamos sus datos personales?<\/strong><\/p>\n<p>En Luxlimo tratamos la informaci\u00f3n que nos facilitan las personas interesadas con el fin de prestarle los servicios que nos ha solicitado, atender sus solicitudes de informaci\u00f3n y enviarle comunicaciones comerciales. En el caso de que no facilite sus datos personales, no podremos cumplir con las funcionalidades descritas anteriormente.<\/p>\n<p>No se van a tomar decisiones automatizadas en base a los datos proporcionados.<\/p>\n<p><strong>\u00bfPor cu\u00e1nto tiempo conservaremos sus datos?<\/strong><\/p>\n<p>Los datos se conservar\u00e1n mientras el interesado no solicite su supresi\u00f3n.<\/p>\n<p><strong>\u00bfCu\u00e1l es la legitimaci\u00f3n para el tratamiento de sus datos?<\/strong><\/p>\n<p>Le indicamos la base legal para el tratamiento de sus datos:<\/p>\n<ul class=\"privacy-cookies-list\">\n<li>Ejecuci\u00f3n de contrato: Atender su solicitud.<\/li>\n<li>Inter\u00e9s leg\u00edtimo del responsable: Env\u00edo de comunicaciones comerciales sobre nuestros servicios y\/o productos.<\/li>\n<li>Consentimiento del Interesado: Env\u00edo de comunicaciones comerciales sobre nuestros servicios en base a solicitudes previas mantenidas con el responsables del tratamiento.<\/li>\n<\/ul>\n<p><strong>\u00bfA qu\u00e9 destinatarios se comunicar\u00e1n sus datos?<\/strong><\/p>\n<p>No se ceder\u00e1n datos a terceros, salvo obligaci\u00f3n legal.<\/p>\n<p><strong>Transferencias de datos a terceros pa\u00edses.<\/strong><\/p>\n<p>No est\u00e1n previstas transferencias de datos a terceros pa\u00edses.[\/vc_column_text][\/vc_column][\/vc_row]<\/p>\n<\/div>","protected":false},"excerpt":{"rendered":"<p>[vc_row][vc_column width=&#8221;1\/1&#8243;][vc_custom_heading auto_text=&#8221;yes&#8221; heading_semantic=&#8221;h1&#8243; uncode_shortcode_id=&#8221;162968&#8243;]This is a custom heading element.[\/vc_custom_heading][vc_column_text uncode_shortcode_id=&#8221;760671&#8243;]En Luxlimo nos preocupamos por la privacidad y la transparencia. [&hellip;]<\/p>\n","protected":false},"author":1,"featured_media":0,"parent":0,"menu_order":6,"comment_status":"closed","ping_status":"closed","template":"","meta":{"footnotes":""},"class_list":["post-172256","page","type-page","status-publish","hentry"],"aioseo_notices":[],"_links":{"self":[{"href":"https:\/\/www.luxlimo.es\/en\/wp-json\/wp\/v2\/pages\/172256","targetHints":{"allow":["GET"]}}],"collection":[{"href":"https:\/\/www.luxlimo.es\/en\/wp-json\/wp\/v2\/pages"}],"about":[{"href":"https:\/\/www.luxlimo.es\/en\/wp-json\/wp\/v2\/types\/page"}],"author":[{"embeddable":true,"href":"https:\/\/www.luxlimo.es\/en\/wp-json\/wp\/v2\/users\/1"}],"replies":[{"embeddable":true,"href":"https:\/\/www.luxlimo.es\/en\/wp-json\/wp\/v2\/comments?post=172256"}],"version-history":[{"count":5,"href":"https:\/\/www.luxlimo.es\/en\/wp-json\/wp\/v2\/pages\/172256\/revisions"}],"predecessor-version":[{"id":172504,"href":"https:\/\/www.luxlimo.es\/en\/wp-json\/wp\/v2\/pages\/172256\/revisions\/172504"}],"wp:attachment":[{"href":"https:\/\/www.luxlimo.es\/en\/wp-json\/wp\/v2\/media?parent=172256"}],"curies":[{"name":"wp","href":"https:\/\/api.w.org\/{rel}","templated":true}]}}

<div class="wpb-content-wrapper"><p>[vc_row][vc_column width=&#8221;1/1&#8243;][vc_custom_heading auto_text=&#8221;yes&#8221; heading_semantic=&#8221;h1&#8243; uncode_shortcode_id=&#8221;162968&#8243;]This is a custom heading element.[/vc_custom_heading][vc_column_text uncode_shortcode_id=&#8221;760671&#8243;]En Luxlimo nos preocupamos por la privacidad y la transparencia.</p>
<p>&nbsp;</p>
<p>A continuación, le indicamos en detalle los tratamientos de datos personales que realizamos, así como toda la información relativa a los mismos.</p>
<p>&nbsp;</p>
<p><strong>¿Quién es el responsable del tratamiento de sus datos?</strong></p>
<p>Entidad: GEILY SPAIN, S.L.U. – NIF: B66430067</p>
<p>Dirección postal: C. del Acero, 32 Planta 2 B12 Barcelona (08038), Barcelona, España</p>
<p>Teléfono: <a class="privacy-cookies-link" href="tel:+34685250101" target="_blank" rel="noopener">+34 685 25 01 01</a></p>
<p>Correo electrónico: <a class="privacy-cookies-link" href="mailto:info@luxlimo.es" target="_blank" rel="noopener">info@luxlimo.es</a></p>
<p><strong>¿Cuáles son sus derechos cuando nos facilita sus datos?</strong></p>
<p>Cualquier persona tiene derecho a obtener confirmación sobre si en Luxlimo estamos tratando, o no, datos personales que les conciernan.</p>
<p>Las personas interesadas tienen derecho a acceder a sus datos personales, así como a solicitar la rectificación de los datos inexactos o, en su caso, solicitar su supresión cuando, entre otros motivos, los datos ya no sean necesarios para los fines que fueron recogidos. Igualmente tiene derecho a la portabilidad de sus datos.</p>
<p>En determinadas circunstancias, los interesados podrán solicitar la limitación del tratamiento de sus datos, en cuyo caso únicamente los conservaremos para el ejercicio o la defensa de reclamaciones.</p>
<p>En determinadas circunstancias y por motivos relacionados con su situación particular, los interesados podrán oponerse al tratamiento de sus datos. En este caso, Luxlimo dejará de tratar los datos, salvo por motivos legítimos imperiosos, o el ejercicio o la defensa de posibles reclamaciones.</p>
<p>Podrá ejercitar materialmente sus derechos de la siguiente forma: dirigiéndose al responsable del tratamiento.</p>
<p>Cuando se realice el envío de comunicaciones comerciales utilizando como base jurídica el interés legítimo del responsable, el interesado podrá oponerse al tratamiento de sus datos con ese fin.</p>
<p>Si ha otorgado su consentimiento para alguna finalidad concreta, tiene derecho a retirar el consentimiento otorgado en cualquier momento, sin que ello afecte a la licitud del tratamiento basado en el consentimiento previo a su retirada.</p>
<p>Los datos de carácter personal que solicitamos son imprescindibles para atender su solicitud, resolver cuestiones planteadas y prestar los servicios contratados. En caso de no facilitar toda la información necesaria, no podremos atender su solicitud, ni enviar la información solicitada ni prestar los servicios sobre los que el titular de los datos esté interesado.</p>
<p>En caso de que sienta vulnerados sus derechos en lo concerniente a la protección de sus datos personales, especialmente cuando no haya obtenido satisfacción en el ejercicio de sus derechos, puede presentar una reclamación ante la Autoridad de Control en materia de Protección de Datos competente a través de su sitio web: www.agpd.es.</p>
<p>&nbsp;</p>
<h3><strong>1. Tratamiento de los datos personales de potenciales clientes y contactos vía web</strong></h3>
<p><strong>¿Con qué finalidad tratamos sus datos personales?</strong></p>
<p>En Luxlimo tratamos la información que nos facilitan las personas interesadas con el fin de atender su solicitud y enviarle comunicaciones comerciales, así como nuestros boletines. En el caso de que no facilite sus datos personales, no podremos cumplir con las funcionalidades descritas anteriormente.</p>
<p>No se van a tomar decisiones automatizadas en base a los datos proporcionados.</p>
<p><strong>¿Por cuánto tiempo conservaremos sus datos?</strong></p>
<p>Los datos se conservarán mientras el interesado no solicite su supresión.</p>
<p><strong>¿Cuál es la legitimación para el tratamiento de sus datos?</strong></p>
<p>Le indicamos la base legal para el tratamiento de sus datos:</p>
<ul class="privacy-cookies-list">
<li>Ejecución de un contrato: Atender su solicitud.</li>
<li>Consentimiento del interesado: Enviarle comunicaciones comerciales, así como nuestros boletines.</li>
</ul>
<p><strong>¿A qué destinatarios se comunicarán sus datos?</strong></p>
<p>No se cederán datos a terceros, salvo obligación legal.</p>
<p><strong>Transferencias de datos a terceros países.</strong></p>
<p>No están previstas transferencias de datos a terceros países.</p>
<p>&nbsp;</p>
<h3><strong>2. Tratamiento de los datos personales de los contactos de correo electrónico</strong></h3>
<p><strong>¿Con qué finalidad tratamos sus datos personales?</strong></p>
<p>En Luxlimo tratamos la información que nos facilitan las personas interesadas con el fin de prestarle los servicios que nos ha solicitado, atender sus solicitudes de información y enviarle comunicaciones comerciales. En el caso de que no facilite sus datos personales, no podremos cumplir con las funcionalidades descritas anteriormente.</p>
<p>No se van a tomar decisiones automatizadas en base a los datos proporcionados.</p>
<p><strong>¿Por cuánto tiempo conservaremos sus datos?</strong></p>
<p>Los datos se conservarán mientras el interesado no solicite su supresión.</p>
<p><strong>¿Cuál es la legitimación para el tratamiento de sus datos?</strong></p>
<p>Le indicamos la base legal para el tratamiento de sus datos:</p>
<ul class="privacy-cookies-list">
<li>Ejecución de contrato: Atender su solicitud.</li>
<li>Interés legítimo del responsable: Envío de comunicaciones comerciales sobre nuestros servicios y/o productos.</li>
<li>Consentimiento del Interesado: Envío de comunicaciones comerciales sobre nuestros servicios en base a solicitudes previas mantenidas con el responsables del tratamiento.</li>
</ul>
<p><strong>¿A qué destinatarios se comunicarán sus datos?</strong></p>
<p>No se cederán datos a terceros, salvo obligación legal.</p>
<p><strong>Transferencias de datos a terceros países.</strong></p>
<p>No están previstas transferencias de datos a terceros países.[/vc_column_text][/vc_column][/vc_row]</p>
</div>
